 the ten thousands digit of 80954856?
5
What is the ten millions digit of 6600835704?
0
What is the hundred thousands digit of 118098564?
0
What is the ten millions digit of 3618919683?
1
What is the ten millions digit of 221403824?
2
What is the hundreds digit of 75422468?
4
What is the hundred thousands digit of 246313026?
3
What is the hundred millions digit of 2727101506?
7
What is the hundreds digit of 47116005?
0
What is the units digit of 171997111?
1
What is the thousands digit of 134292618?
2
What is the tens digit of 359067058?
5
What is the hundred thousands digit of 12065574?
0
What is the thousands digit of 393259028?
9
What is the ten millions digit of 59994783?
5
What is the hundred thousands digit of 1242137721?
1
What is the ten millions digit of 53901539?
5
What is the ten thousands digit of 3120673590?
7
What is the hundred millions digit of 613120450?
6
What is the hundred millions digit of 166673748?
1
What is the units digit of 102608185?
5
What is the hundred thousands digit of 2299793715?
7
What is the billions digit of 1062555375?
1
What is the millions digit of 2779608278?
9
What is the hundreds digit of 929675973?
9
What is the millions digit of 16176959?
6
What is the billions digit of 2567962842?
2
What is the thousands digit of 3486234528?
4
What is the units digit of 74248453?
3
What is the ten millions digit of 523856204?
2
What is the hundred millions digit of 124842817?
1
What is the thousands digit of 775318589?
8
What is the hundred millions digit of 284697251?
2
What is the hundred thousands digit of 70135754?
1
What is the hundreds digit of 2025480896?
8
What is the ten thousands digit of 754352176?
5
What is the ten millions digit of 4813743180?
1
What is the thousands digit of 664211142?
1
What is the hundreds digit of 11376156?
1
What is the hundred millions digit of 323941738?
3
What is the thousands digit of 171278282?
8
What is the hundreds digit of 36438643?
6
What is the thousands digit of 959797479?
7
What is the millions digit of 56397318?
6
What is the thousands digit of 69665189?
5
What is the ten millions digit of 16051715?
1
What is the units digit of 1090949450?
0
What is the hundreds digit of 2858910?
9
What is the tens digit of 99590109?
0
What is the tens digit of 7565893?
9
What is the thousands digit of 3928317382?
7
What is the ten thousands digit of 186663784?
6
What is the units digit of 1881392543?
3
What is the ten thousands digit of 3447951928?
5
What is the units digit of 213879535?
5
What is the millions digit of 212809970?
2
What is the tens digit of 64589057?
5
What is the ten millions digit of 42369371?
4
What is the units digit of 455944111?
1
What is the tens digit of 137276400?
0
What is the tens digit of 2087935433?
3
What is the ten millions digit of 40900772?
4
What is the ten millions digit of 52381887?
5
What is the thousands digit of 49574652?
4
What is the units digit of 11025264?
4
What is the tens digit of 506623273?
7
What is the units digit of 2289183443?
3
What is the thousands digit of 1929102606?
2
What is the ten thousands digit of 14718308?
1
What is the tens digit of 17698596?
9
What is the millions digit of 1069637952?
9
What is the hundred millions digit of 1328511702?
3
What is the hundred thousands digit of 9553307?
5
What is the hundreds digit of 83396206?
2
What is the hundred thousands digit of 3684466061?
4
What is the hundred thousands digit of 84850686?
8
What is the millions digit of 47409082?
7
What is the thousands digit of 1281955133?
5
What is the hundred thousands digit of 43612364?
6
What is the tens digit of 2416241518?
1
What is the thousands digit of 18448200?
8
What is the thousands digit of 71834048?
4
What is the units digit of 292790108?
8
What is the ten thousands digit of 168413538?
1
What is the tens digit of 88886070?
7
What is the hundred thousands digit of 37943348?
9
What is the hundreds digit of 2232021541?
5
What is the ten millions digit of 16979449?
1
What is the tens digit of 231532121?
2
What is the hundred millions digit of 1358909116?
3
What is the hundred thousands digit of 2636772430?
7
What is the ten thousands digit of 164416899?
1
What is the ten millions digit of 132226559?
3
What is the units digit of 2767978993?
3
What is the millions digit of 62000367?
2
What is the tens digit of 189540411?
1
What is the ten thousands digit of 47386434?
8
What is the millions digit of 2361280261?
1
What is the millions digit of 600502087?
0
What is the billions digit of 2149958132?
2
What is the ten thousands digit of 3883137555?
3
What is the units digit of 1241621179?
9
What is the ten thousands digit of 126329676?
2
What is the millions digit of 3475588?
3
What is the hundred thousands digit of 197825409?
8
What is the hundred thousands digit of 10788457?
7
What is the tens digit of 60008959?
5
What is the units digit of 31145549?
9
What is the ten millions digit of 1491680823?
9
What is the hundred millions digit of 3632976426?
6
What is the hundred millions digit of 439995405?
4
What is the millions digit of 41467894?
1
What is the tens digit of 5005554406?
0
What is the ten thousands digit of 271331926?
3
What is the ten thousands digit of 117353269?
5
What is the millions digit of 401145574?
1
What is the ten thousands digit of 1107723?
0
What is the tens digit of 1222992455?
5
What is the hundred millions digit of 115322505?
1
What is the ten thousands digit of 1828433777?
3
What is the ten thousands digit of 3474187242?
8
What is the hundred thousands digit of 4104375?
1
What is the hundred thousands digit of 80886917?
8
What is the tens digit of 91276212?
1
What is the billions digit of 1382892447?
1
What is the thousands digit of 303596914?
6
What is the thousands digit of 1193751856?
1
What is the hundred millions digit of 101924242?
1
What is the ten millions digit of 184777785?
8
What is the ten thousands digit of 58604124?
0
What is the tens digit of 422070433?
3
What is the millions digit of 1500148180?
0
What is the ten thousands digit of 3717384210?
8
What is the hundreds digit of 64777551?
5
What is the units digit of 85083833?
3
What is the hundred millions digit of 1465160003?
4
What is the ten thousands digit of 166750803?
5
What is the ten millions digit of 76015333?
7
What is the ten thousands digit of 235908414?
0
What is the millions digit of 69811688?
9
What is the hundreds digit of 280381022?
0
What is the hundreds digit of 2867508513?
5
What is the hundred thousands digit of 1019576499?
5
What is the units digit of 362365057?
7
What is the units digit of 110818251?
1
What is the hundred thousands digit of 109162365?
1
What is the hundred thousands digit of 459725808?
7
What is the hundreds digit of 2132397606?
6
What is the thousands digit of 1960800280?
0
What is the tens digit of 922516131?
3
What is the millions digit of 1473194908?
3
What is the hundreds digit of 394604812?
8
What is the ten millions digit of 44420760?
4
What is the millions digit of 1383578?
1
What is the ten millions digit of 426031214?
2
What is the thousands digit of 316433220?
3
What is the hundred thousands digit of 19531793?
5
What is the hundred millions digit of 4108164608?
1
What is the hundred millions digit of 573710276?
5
What is the hundreds digit of 235788903?
9
What is the thousands digit of 22639284?
9
What is the hundred millions digit of 231977809?
2
What is the units digit of 199362363?
3
What is the hundred thousands digit of 258130041?
1
What is the ten millions digit of 674035960?
7
What is the tens digit of 17770375?
7
What is the hundred millions digit of 134814775?
1
What is the billions digit of 2433264143?
2
What is the tens digit of 652001096?
9
What is the millions digit of 4987008678?
7
What is the hundreds digit of 627817338?
3
What is the hundred millions digit of 432852887?
4
What is the millions digit of 3328960554?
8
What is the hundred thousands digit of 54784039?
7
What is the tens digit of 413551895?
9
What is the units digit of 2530843240?
0
What is the millions digit of 286126673?
6
What is the thousands digit of 2013943?
3
What is the thousands digit of 628593368?
3
What is the thousands digit of 809196217?
6
What is the ten thousands digit of 522882073?
8
What is the hundred thou